= 17*x**3 - 3994*x**2 + 7696*x - 1631. Calculate l(233).
0
Let w(g) = 83280*g + 7245380. Give w(-87).
20
Let i(a) = 19637*a + 78401. What is i(-4)?
-147
Let b(d) = 3*d**2 + 423*d + 7249. What is b(-20)?
-11
Let y(i) = -i**3 + 9*i**2 + 2*i + 14. What is y(10)?
-66
Let g(c) = -2*c**3 + 29*c**2 + 67*c - 72. Determine g(17).
-378
Let w(c) = 124*c + 1444. Give w(-19).
-912
Let c(o) = 14*o**2 + 1310*o - 6896. Give c(5).
4
Let y(r) = r**2 - 30835*r - 586331. Calculate y(-19).
-105
Let v(t) = -6564*t**2 - 1732898*t - 538. Give v(-264).
-10
Let i(x) = -31*x - 1213. Determine i(-17).
-686
Let j(v) = -5*v**2 - 866*v - 37002. What is j(-77)?
35
Let w(n) = -25993*n + 181959. Give w(7).
8
Let t(p) = -p**3 + 50*p**2 - 51*p - 5. Determine t(0).
-5
Let j(c) = -1481*c + 29733. Give j(20).
113
Let m(w) = -11069*w + 387505. What is m(35)?
90
Let l(z) = -2*z**3 - 42*z**2 + 306*z - 238. Give l(-27).
248
Let y(b) = -122815*b - 1228150. What is y(-10)?
0
Let b(j) = -j**3 + 19*j**2 + 224*j + 217. What is b(27)?
433
Let r(m) = -367*m + 1638. Calculate r(12).
-2766
Let p(b) = -b**3 - 85*b**2 + 211*b + 10487. Give p(-86).
-263
Let j(k) = -k**2 - 38*k + 1593. What is j(39)?
-1410
Let f(m) = -92*m + 5483. Calculate f(66).
-589
Let j(u) = 12*u**2 - 1123*u + 681. Give j(93).
30
Let i(t) = 44*t - 8780. Give i(202).
108
Let q(d) = -d**2 + 11909*d - 118984. Calculate q(10).
6
Let j(g) = -165*g**2 - 48837*g + 885. Calculate j(-296).
-3
Let h(j) = -2*j**3 + 138*j**2 + 42921*j - 32. Calculate h(185).
153
Let y(z) = z**3 + 33*z**2 + 221*z - 280. Calculate y(-23).
-73
Let p(w) = -26*w**2 + 5850*w - 12. Determine p(225).
-12
Let p(s) = -s**3 - 26*s**2 + 183*s + 1055. Determine p(-6).
-763
Let j(u) = -1054*u + 1949. Calculate j(2).
-159
Let z(t) = -801*t**2 + 58*t - 12. What is z(-1)?
-871
Let d(z) = -z**2 - 14*z + 358. Give d(-27).
7
Let a(q) = -q**3 + 130*q**2 - 358*q - 18442. Determine a(126).
-46
Let a(r) = -16908*r + 33816. What is a(2)?
0
Let r(b) = b**3 - 108*b**2 - 772*b - 3846. Calculate r(115).
-51
Let d(r) = -12*r**3 + 109*r**2 - 371*r - 3. What is d(4)?
-511
Let y(o) = -14517*o + 333867. What is y(23)?
-24
Let k(n) = -n**3 - 66*n**2 - 1060*n + 811. What is k(-31)?
36
Let u(f) = 2778691*f - 50016442. Calculate u(18).
-4
Let u(f) = -f**3 + 41*f**2 - 302*f - 2011. Calculate u(28).
-275
Let d(x) = 80*x**2 - 1364*x + 6758. Determine d(5).
1938
Let d(n) = n**2 - 31*n + 68. Give d(19).
-160
Let g(a) = 8706*a + 687497. What is g(-79)?
-277
Let m(o) = 3*o**3 - 193*o**2 - 520*o - 1043. Calculate m(67).
29
Let i(h) = -2*h**3 - 350*h**2 + 521*h - 33080. Calculate i(-177).
19
Let c(h) = -244*h + 21037. Determine c(89).
-679
Let l(n) = 2*n**3 + 6*n**2 - 218*n + 635. What is l(3)?
89
Let h(a) = a**3 - 4*a**2 - 776*a + 5296. What is h(7)?
11
Let q(s) = -26123*s + 862042. Determine q(33).
-17
Let y(f) = -10*f**2 - 835*f - 16992. Determine y(-35).
-17
Let t(r) = 956*r + 650069. What is t(-680)?
-11
Let a(d) = -d**3 - 36*d**2 - 95*d - 3685. Give a(-36).
-265
Let m(l) = l**2 + 104*l - 7468. Give m(49).
29
Let p(n) = 8617*n + 1051306. Determine p(-122).
32
Let w(u) = -1852580*u + 14820646. What is w(8)?
6
Let z(u) = 3*u**3 - 8*u**2 - 3*u + 15. Calculate z(-2).
-35
Let i(q) = -2*q**2 - 112*q + 114559. Give i(-269).
-35
Let g(m) = 2*m**2 + 139*m + 1267. Give g(-10).
77
Let p(r) = 9*r**3 - 87*r**2 - 36*r + 18. What is p(10)?
-42
Let m(z) = 22700*z - 272324. Give m(12).
76
Let f(o) = -15*o**3 + 3*o**2 + 250*o - 28. Calculate f(0).
-28
Let b(g) = -g**3 - 245*g**2 - 12506*g - 8653. What is b(-173)?
-3
Let v(k) = 25130*k - 351825. What is v(14)?
-5
Let g(h) = 621*h + 4415. What is g(-7)?
68
Let o(r) = -3*r**3 + 41*r**2 + 90*r - 262. Calculate o(3).
296
Let m(z) = z**2 + 1423*z + 72574. Determine m(-53).
-36
Let c(f) = -1834*f - 135279. Determine c(-74).
437
Let l(g) = -29354*g + 7044965. Determine l(240).
5
Let d(h) = -2*h**2 - 1057*h - 4225. What is d(-4)?
-29
Let r(v) = -153*v - 9782. Calculate r(-64).
10
Let q(j) = 8*j**3 + 75*j**2 - 3*j - 124. Calculate q(-9).
146
Let u(t) = 1041*t + 25980. What is u(-25)?
-45
Let g(i) = 5263*i + 163132. Determine g(-31).
-21
Let y(n) = -121*n**2 - 27945*n + 1315. Determine y(-231).
-71
Let i(f) = -730*f + 96333. What is i(136)?
-2947
Let z(g) = 5*g**3 - 27*g**2 + 48*g - 20. Give z(1).
6
Let p(w) = w**2 - 530*w + 51724. Calculate p(401).
-5
Let c(h) = -2*h**2 - 4945*h + 54354. Calculate c(11).
-283
Let p(h) = 9563*h + 1109262. Calculate p(-116).
-46
Let x(b) = -296661*b - 24326212. Determine x(-82).
-10
Let h(l) = -3126*l + 18853. Calculate h(6).
97
Let f(t) = t**2 + 1831*t - 671064. Determine f(313).
8
Let j(u) = -581246*u + 3487478. Give j(6).
2
Let u(h) = 6*h**3 + 898*h**2 - 302*h - 76. Calculate u(-150).
224
Let r(i) = -23*i**2 + 666*i - 297. Determine r(28).
319
Let b(u) = 13*u**3 + 4*u**2 + 17*u + 12. Calculate b(-1).
-14
Let j(m) = 27*m + 609. What is j(40)?
1689
Let o(d) = -2*d**3 - 86*d**2 - 917*d - 30. What is o(-20)?
-90
Let y(b) = -563072*b - 8446095. What is y(-15)?
-15
Let y(f) = 108*f**2 - 4195*f + 3576. What is y(38)?
118
Let d(q) = 8743*q + 515805. Determine d(-59).
-32
Let x(a) = -3*a**3 + 9*a**2 + 16673*a + 16664. Give x(-1).
3
Let o(y) = -168625*y - 505789. What is o(-3)?
86
Let t(w) = -49221*w - 3888427. Calculate t(-79).
32
Let i(k) = -k**2 - 127*k - 4006. What is i(-72)?
-46
Let m(x) = -66*x**2 - 11628*x + 21384. Calculate m(-178).
24
Let i(u) = u**3 + 33*u**2 + 3190*u + 81689. Determine i(-27).
-67
Let s(z) = -2*z**3 + 130*z**2 + 3850*z - 1931. Calculate s(87).
-17
Let p(l) = -l**3 + 39*l**2 - 98*l - 139. Determine p(4).
29
Let i(l) = 1857*l - 11312. What is i(6)?
-170
Let o(p) = 1116*p - 14493. Give o(13).
15
Let k(c) = 11*c**2 + 187*c - 54. Give k(-12).
-714
Let w(z) = -z**2 + 51753*z + 2279055. Give w(-44).
-13
Let f(b) = 26*b**2 - 425*b + 13. Calculate f(17).
302
Let y(m) = 24934*m + 18301558. Determine y(-734).
2
Let i(c) = -30*c**3 - 73*c**2 - 29*c - 98. Give i(-3).
142
Let q(k) = 571228*k - 10853330. What is q(19)?
2
Let o(l) = -2066*l - 5979. Calculate o(-3).
219
Let g(v) = 97388*v - 30677234. Calculate g(315).
-14
Let z(b) = 14462*b - 433900. What is z(30)?
-40
Let j(u) = 346*u**2 + 875*u + 874. What is j(-1)?
345
Let d(c) = -576*c + 106132. Determine d(180).
2452
Let x(d) = 12977*d + 596984. What is x(-46)?
42
Let o(r) = 2*r**3 - 33*r**2 + 198*r + 284. What is o(10)?
964
Let u(b) = b**2 + 2725*b + 229466. What is u(-87)?
-40
Let b(f) = 6970*f - 27915. Calculate b(4).
-35
Let s(k) = 13*k**2 + 369*k - 1691. What is s(4)?
-7
Let r(k) = -12397*k**2 + 396704*k + 6. Calculate r(32).
6
Let l(v) = -3*v**3 - 505*v**2 + 337*v - 201. Determine l(-169).
-32
Let p(z) = -20*z**3 + 383*z**2 - 70*z + 243. Determine p(19).
-4
Let h(d) = 20774*d + 706313. Calculate h(-34).
-3
Let h(g) = g**2 + 205*g + 5807. What is h(-34)?
-7
Let m(k) = -k**2 - 13*k + 39287. Give m(-205).
-73
Let x(r) = 13939*r + 6788302. Give x(-487).
9
Let t(q) = -138742*q + 693695. Determine t(5).
-15
Let r(c) = -2214*c + 814772. Give r(368).
20
Let m(p) = -40*p**3 + 4*p**2 + 10*p - 24. What is m(2)?
-308
Let o(c) = -9655*c + 125517. Determine o(13).
2
Let c(a) = 36*a**2 + 3*a + 1472. Determine c(0).
1472
Let i(b) = 110915*b - 665497. What is i(6)?
-7
Let w(a) = -3788*a - 750016. Give w(-198).
8
Let b(c) = -6*c**3 + 6*c**2 - 780*c + 2306. Calculate b(3).
-142
Let d(h) = h**3 - 181*h**2 - 574*h + 4056. Calculate d(184).
8
Let l(s) = 500*s**2 + 54498*s - 221. What is l(-109)?
-3
Let f(p) = p**3 - 84*p**2 + 5270*p - 430522. Give f(83).
-1
Let o(v) = 63012*v - 630058. Calculate o(10).
62
Let k(o) = 5527*o + 237615. What is k(-43)?
-46
Let u(t) = -180*t + 31254. Determine u(173).
114
Let v(d) = -2*d**3 + 70*d**2 - 721*d + 16761. Determine v(32).
-167
Let s(d) = 44029*d - 2465618. Calculate s(56).
6
Let d(k) = -k**3 + 435*k**2 - 46344*k - 39139. What is d(190)?
1
Let t(g) = g**2 - 139*g + 1882. Give t(19).
-398
Let n(t) = -274284*t + 2194279. Give n(8).
7
Let f(n) = n**3 + 79*n**2 - 167*n - 6845. What is f(-80)?
115
Let h(p) = 34*p**2 - 1040*p + 31. Determine h(31).
465
Let h(u) = 89*u - 3710. Determine h(40).
-150
Let j(d) = d**2 + 5013*d + 184109. What is j(-37)?
-3
Let f(c) = 866*c - 19293. What is f(17)?
-4571
Let r(b) = -1561*b - 46806. Determine r(-30).
24
Let f(x) = 636*x